)). Suppose -4 = -4*l + o*l. Calculate the greatest common factor of l and 4.
2
Let k = -201 + 294. Suppose -5*i = -55, -4*q - 110*i + 112*i = -598. What is the highest common factor of k and q?
31
Let r(c) = -c**3 + c - 1. Let j be r(-2). Suppose 4*n = 16, 0*g + j*g = 2*n + 1792. Let t = -74944 - -74984. Calculate the highest common factor of t and g.
40
Suppose -5*v - t = -507, 4*v - 323 - 91 = 2*t. Suppose 3*q - 3*o + o = 408, 4*q + o - 544 = 0. What is the highest common factor of q and v?
34
Let p be (-183)/(-3) + (-24)/20 + (-1)/(-5). Calculate the highest common factor of p and 500.
20
Suppose -5*v - 128 = -528. Let l = 1904 - 1894. What is the greatest common divisor of l and v?
10
Let j = 55753 - 55735. Let l(h) = -h**3 - 8*h**2 - h. Let s be l(-8). Calculate the highest common divisor of s and j.
2
Suppose -153 = -4*k - 17. Suppose 0 = -5*v - 29 + k. Suppose -2*b = 3*a - 16 - v, b + 5*a = 19. Calculate the greatest common divisor of b and 1.
1
Suppose 3*q - 13828 = -k + 352, 0 = 5*q + 20. What is the highest common factor of k and 16?
16
Suppose -4*y + 5*g + 4261 = 0, 1468 = 3*y + 5*g - 1649. What is the greatest common factor of y and 561?
17
Suppose -76*f - 47 = -71*f - 4*b, -5*b = 5*f + 20. Let z(k) = k**2 - 19*k - 34. Let n be z(f). What is the greatest common factor of n and 481?
37
Suppose -64*m - 699 = -67*m. Let i = m + -214. Calculate the highest common divisor of i and 171.
19
Suppose -5*q - 509592 = -107*q. What is the highest common factor of q and 4?
4
Let q(z) = 5*z + 358. Let p be q(-68). What is the greatest common divisor of p and 12483?
9
Let n(k) = -13*k - 73. Let t be n(-6). Suppose -5*a + 67*i - 70*i = -645, -t*a + 610 = -4*i. What is the greatest common divisor of a and 14?
14
Let d(c) = -c**3 - 16*c**2 - 14*c + 20. Let q be d(-15). Let g be ((-60)/(-7))/((-249)/(-1162)). Calculate the greatest common divisor of q and g.
5
Suppose -3 = -4*o + 9. Suppose -6*z + 13*z - 112 = 0. Suppose 4*i = s - 5, 2*s + i - 3*i = z. Calculate the highest common factor of o and s.
3
Let r = -19360 - -19451. What is the greatest common divisor of 65 and r?
13
Let q = 196 - 191. Let s be 28/(-6)*-3*q. Calculate the highest common divisor of 14 and s.
14
Let q(p) be the second derivative of p**5/20 + 5*p**4/3 + 19*p**3/6 + 39*p**2/2 + 70*p - 1. Let f be q(-19). What is the greatest common factor of 156 and f?
39
Suppose -9*x + 4240 + 3670 + 2647 = 0. Calculate the greatest common factor of x and 85.
17
Let y(r) = -r**3 + r**2 - 3*r - 8. Let x be y(-2). Let k(q) = 3*q - 22. Let w be k(x). What is the greatest common factor of w and 3?
1
Suppose n = 5*y + 178, -n + 4*y = y - 186. Calculate the highest common divisor of 1848 and n.
66
Let b be (-26610)/(-42) + (-88)/154. What is the greatest common divisor of 4009 and b?
211
Let l = -15 + -180. Let n = -175 - l. What is the greatest common divisor of n and 320?
20
Let d = -2479 - -2494. What is the highest common divisor of 8145 and d?
15
Suppose -3*i + 20 = -2*z, -2*z + 3*z - 2*i = -12. Let s be 30 + 2 + z - (-2 + 7). Calculate the greatest common factor of s and 161.
23
Let x = -17120 + 19080. What is the greatest common factor of 147 and x?
49
Suppose 3*s + 2*c = 2905, 2*s - 1915 = -25*c + 28*c. Suppose -11*v + s + 1587 = 0. Calculate the highest common divisor of v and 32.
8
Let x be 1/(2*2/312). Suppose 0 = -4*i - d + 37, 0 = -4*i - 3*d + 650 - 635. What is the greatest common factor of x and i?
6
Suppose -81*o + 18227 = 11*o - 31361. Suppose 0 = -4*h + 89 + 527. Calculate the highest common factor of o and h.
77
Let x(h) = 11*h**3 - h**2 + h - 1. Let c be x(2). Suppose 70*i = -234*i - 90*i + 53584. Calculate the greatest common divisor of i and c.
17
Let q be (-792)/(1 + -5) - (17 + -22). Suppose -19*h = -q - 177. What is the greatest common divisor of h and 1420?
20
Suppose 0 = -18*s - 17*s - 9*s + 5412. What is the highest common divisor of 69 and s?
3
Suppose 0 = 4*p + 3*u - 655, -894*p + 3*u = -896*p + 335. What is the highest common factor of 390 and p?
10
Suppose 128*y - 10192 = 30*y. Calculate the highest common factor of y and 117.
13
Let z be 255/(-153) + 1*(-1)/3. Let p be (120/9)/z*-9. Calculate the highest common factor of 75 and p.
15
Let p = -2854 + 4542. Calculate the highest common divisor of p and 40.
8
Let f(n) = -43*n**2 + 3*n - 3*n - 16*n**3 + 45*n**2 - 2*n + 3. Let g be f(2). Let c = 205 + g. What is the greatest common factor of c and 12?
12
Let i(s) be the first derivative of s**4/4 - 5*s**3/3 + 3*s**2 + 14*s + 206. Let z be i(5). Calculate the greatest common divisor of 99 and z.
11
Suppose -17*z + 342 - 45 + 655 = 0. What is the highest common factor of z and 2632?
56
Let y = -3687 - -4422. What is the greatest common factor of y and 42?
21
Suppose 6*w - 16 = 26. Suppose w*i = 2*i + 660. Suppose 5*v = 6*v - i. What is the greatest common factor of v and 24?
12
Suppose 0 = 1520*s - 1481*s - 120042. Calculate the highest common factor of s and 2106.
162
Let d(o) = -119*o**3 + 3*o**2 - 2*o + 2. Let v be d(2). Let x be (6 - 12) + v/(-3). Calculate the greatest common factor of x and 28.
28
Suppose -7536 = -3*c + 3*a, -3*c + 4*a + 4069 = -3464. Let v = c - 1734. Calculate the greatest common factor of 71 and v.
71
Let d(b) = -7 - 38*b**2 + 17 - b - 12. Let v be d(-1). Let u = v - -51. Calculate the greatest common divisor of 24 and u.
12
Let j be (-179 + 197)*(-446)/(-9). Calculate the highest common factor of j and 2899.
223
Let k(t) = 3*t**2 - 34*t + 147. Let j be k(5). Let g be (j/(-9))/((-6)/27). What is the highest common factor of g and 442?
26
Let t(d) = -920*d - 872. Let b be t(-19). Calculate the highest common factor of b and 96.
96
Let t be (-20)/140 + 0 + 5001/21. What is the highest common divisor of 442 and t?
34
Let h = 135 - 200. Let a be (h/30)/((-1)/6). Let r(t) = 2*t - 17. Let c be r(a). Calculate the greatest common factor of c and 63.
9
Let n be (9/27)/(2/18) - 1. Suppose 20*l - 617 = 1023. What is the greatest common divisor of n and l?
2
Let x(c) = -22*c - 28. Let j be x(-2). Let u(z) = 20*z + 144. Let i be u(j). What is the greatest common factor of 29 and i?
29
Let j = -5764 + 5779. What is the greatest common factor of 7680 and j?
15
Let l = -81 + 20. Suppose 17*m = 1761 - 2305. Let z = m - l. Calculate the greatest common factor of z and 232.
29
Let g = 16 + -40. Let s be (g/(-10))/((-3)/(-50)). Let n(r) = -69*r - 1365. Let m be n(-20). Calculate the greatest common factor of m and s.
5
Let m(h) = -h**3 - 7*h**2 - 6*h + 3. Let p be m(-7). Let y = p - 6. Let a be (-546)/(-28)*(-2)/(-3). Calculate the greatest common factor of a and y.
13
Suppose -3*x + 4*x = -5. Let m be x/((6/4)/((-3)/(-2))). Let c be 0 - m - 2/2*-2. Calculate the greatest common divisor of 35 and c.
7
Suppose 3*b - 20499 + 1614 = -5*y, 3*y = 27. Calculate the highest common factor of 24 and b.
8
Let h be (-3*18/27)/(-1). Suppose -1 = -15*x + 16*x, 2*c = h*x + 134. What is the greatest common divisor of c and 22?
22
Let b(w) = 276*w**2 + 636*w - 20. Let r be b(7). Calculate the greatest common divisor of r and 268.
268
Suppose 72 - 200 = 16*s. Let q be (5 + 6 - 9)/((-1)/s). What is the greatest common divisor of q and 16?
16
Let y(o) = o**2 + 76*o + 1495. Let j be y(-33). Calculate the greatest common divisor of j and 608.
76
Suppose 4*k - 3 = k. Let z be -4 + k + (-2 - -11). Let u be 4/z - 20/15*-10. Calculate the highest common divisor of u and 35.
7
Suppose -a + 1 = 0, -3*p - 51 = 2*a - 518. Let n = p + -129. What is the highest common factor of 195 and n?
13
Let a = 2602 + -1972. Calculate the highest common factor of 42 and a.
42
Suppose -15*n = -1776 + 396. Calculate the highest common divisor of n and 621.
23
Let i be -11 - (-3 + -3) - 6. Let v(y) = -y**3 - 7*y**2 + 21*y + 2. Let o be v(i). What is the highest common divisor of 15 and o?
15
Let j = -45 + 71. Suppose 5*k - 30 = 2*m, -k + m - 13 = -2*k. Suppose 7*l = k*l - 39. What is the highest common divisor of l and j?
13
Let x be (0 - -1)/((-254565)/(-13398) - 19). What is the highest common divisor of x and 77?
77
Suppose -22*a - 49 + 166 = -125. Let p = -26 - -10. Let o = 38 + p. Calculate the highest common divisor of a and o.
11
Suppose 0 = 5*m - 2*m - 165. Let l be (-2464)/154 - (-600)/10. Calculat